[INFO] cloning repository https://github.com/anookinov-training-ground/rust_advanced
[INFO] running `Command { std: "git" "-c" "credential.helper=" "-c" "credential.helper=/workspace/cargo-home/bin/git-credential-null" "clone" "--bare" "https://github.com/anookinov-training-ground/rust_advanced" "/workspace/cache/git-repos/https%3A%2F%2Fgithub.com%2Fanookinov-training-ground%2Frust_advanced", kill_on_drop: false }`
[INFO] [stderr] Cloning into bare repository '/workspace/cache/git-repos/https%3A%2F%2Fgithub.com%2Fanookinov-training-ground%2Frust_advanced'...
[INFO] running `Command { std: "git" "rev-parse" "HEAD", kill_on_drop: false }`
[INFO] [stdout] 46d22ef5e42922a2621ad950cc0e6d06ec11ad94
[INFO] checking anookinov-training-ground/rust_advanced against master#e6e4f7ed1589e03bc2f6c5931c1a72e7947e8682 for beta-170-4
[INFO] running `Command { std: "git" "clone" "/workspace/cache/git-repos/https%3A%2F%2Fgithub.com%2Fanookinov-training-ground%2Frust_advanced" "/workspace/builds/worker-6-tc2/source", kill_on_drop: false }`
[INFO] [stderr] Cloning into '/workspace/builds/worker-6-tc2/source'...
[INFO] [stderr] done.
[INFO] validating manifest of git repo https://github.com/anookinov-training-ground/rust_advanced on toolchain e6e4f7ed1589e03bc2f6c5931c1a72e7947e8682
[INFO] running `Command { std: CARGO_HOME="/workspace/cargo-home" RUSTUP_HOME="/workspace/rustup-home" "/workspace/cargo-home/bin/cargo" "+e6e4f7ed1589e03bc2f6c5931c1a72e7947e8682" "metadata" "--manifest-path" "Cargo.toml" "--no-deps", kill_on_drop: false }`
[INFO] started tweaking git repo https://github.com/anookinov-training-ground/rust_advanced
[INFO] finished tweaking git repo https://github.com/anookinov-training-ground/rust_advanced
[INFO] tweaked toml for git repo https://github.com/anookinov-training-ground/rust_advanced written to /workspace/builds/worker-6-tc2/source/Cargo.toml
[INFO] crate git repo https://github.com/anookinov-training-ground/rust_advanced already has a lockfile, it will not be regenerated
[INFO] running `Command { std: CARGO_HOME="/workspace/cargo-home" RUSTUP_HOME="/workspace/rustup-home" "/workspace/cargo-home/bin/cargo" "+e6e4f7ed1589e03bc2f6c5931c1a72e7947e8682" "fetch" "--manifest-path" "Cargo.toml", kill_on_drop: false }`
[INFO] running `Command { std: "docker" "create" "-v" "/var/lib/crater-agent-workspace/builds/worker-6-tc2/target:/opt/rustwide/target:rw,Z" "-v" "/var/lib/crater-agent-workspace/builds/worker-6-tc2/source:/opt/rustwide/workdir:ro,Z" "-v" "/var/lib/crater-agent-workspace/cargo-home:/opt/rustwide/cargo-home:ro,Z" "-v" "/var/lib/crater-agent-workspace/rustup-home:/opt/rustwide/rustup-home:ro,Z" "-e" "SOURCE_DIR=/opt/rustwide/workdir" "-e" "CARGO_TARGET_DIR=/opt/rustwide/target" "-e" "CARGO_HOME=/opt/rustwide/cargo-home" "-e" "RUSTUP_HOME=/opt/rustwide/rustup-home" "-w" "/opt/rustwide/workdir" "-m" "1610612736" "--user" "0:0" "--network" "none" "ghcr.io/rust-lang/crates-build-env/linux@sha256:19e73879b68f455e41552ea35293514db52ea292d993f571636dbffedb77a1ee" "/opt/rustwide/cargo-home/bin/cargo" "+e6e4f7ed1589e03bc2f6c5931c1a72e7947e8682" "metadata" "--no-deps" "--format-version=1", kill_on_drop: false }`
[INFO] [stdout] 0957923cee1458b2a8e8a8dcded7c35d0e1f06aed4ed2ed9c3fb76712a373afd
[INFO] running `Command { std: "docker" "start" "-a" "0957923cee1458b2a8e8a8dcded7c35d0e1f06aed4ed2ed9c3fb76712a373afd", kill_on_drop: false }`
[INFO] running `Command { std: "docker" "inspect" "0957923cee1458b2a8e8a8dcded7c35d0e1f06aed4ed2ed9c3fb76712a373afd", kill_on_drop: false }`
[INFO] running `Command { std: "docker" "rm" "-f" "0957923cee1458b2a8e8a8dcded7c35d0e1f06aed4ed2ed9c3fb76712a373afd", kill_on_drop: false }`
[INFO] [stdout] 0957923cee1458b2a8e8a8dcded7c35d0e1f06aed4ed2ed9c3fb76712a373afd
[INFO] running `Command { std: "docker" "create" "-v" "/var/lib/crater-agent-workspace/builds/worker-6-tc2/target:/opt/rustwide/target:rw,Z" "-v" "/var/lib/crater-agent-workspace/builds/worker-6-tc2/source:/opt/rustwide/workdir:ro,Z" "-v" "/var/lib/crater-agent-workspace/cargo-home:/opt/rustwide/cargo-home:ro,Z" "-v" "/var/lib/crater-agent-workspace/rustup-home:/opt/rustwide/rustup-home:ro,Z" "-e" "SOURCE_DIR=/opt/rustwide/workdir" "-e" "CARGO_TARGET_DIR=/opt/rustwide/target" "-e" "CARGO_INCREMENTAL=0" "-e" "RUST_BACKTRACE=full" "-e" "RUSTFLAGS=--cap-lints=forbid" "-e" "RUSTDOCFLAGS=--cap-lints=forbid" "-e" "CARGO_HOME=/opt/rustwide/cargo-home" "-e" "RUSTUP_HOME=/opt/rustwide/rustup-home" "-w" "/opt/rustwide/workdir" "-m" "1610612736" "--user" "0:0" "--network" "none" "ghcr.io/rust-lang/crates-build-env/linux@sha256:19e73879b68f455e41552ea35293514db52ea292d993f571636dbffedb77a1ee" "/opt/rustwide/cargo-home/bin/cargo" "+e6e4f7ed1589e03bc2f6c5931c1a72e7947e8682" "check" "--frozen" "--all" "--all-targets" "--message-format=json", kill_on_drop: false }`
[INFO] [stdout] 5cfa4fb24a4495fa8bd398a6d35e97a21df42f5b2f86545784c39b83f557765f
[INFO] running `Command { std: "docker" "start" "-a" "5cfa4fb24a4495fa8bd398a6d35e97a21df42f5b2f86545784c39b83f557765f", kill_on_drop: false }`
[INFO] [stderr]     Checking advanced v0.1.0 (/opt/rustwide/workdir)
[INFO] [stdout] error: cannot find attribute `some_attribute` in this scope
[INFO] [stdout]   --> src/lib.rs:39:3
[INFO] [stdout]    |
[INFO] [stdout] 39 | #[some_attribute]
[INFO] [stdout]    |   ^^^^^^^^^^^^^^
[INFO] [stdout] 
[INFO] [stdout] 
[INFO] [stdout] error[E0412]: cannot find type `TokenStream` in this scope
[INFO] [stdout]   --> src/lib.rs:40:25
[INFO] [stdout]    |
[INFO] [stdout] 40 | pub fn some_name(input: TokenStream) -> TokenStream {
[INFO] [stdout]    |                         ^^^^^^^^^^^ not found in this scope
[INFO] [stdout] 
[INFO] [stdout] 
[INFO] [stdout] error[E0412]: cannot find type `TokenStream` in this scope
[INFO] [stdout]   --> src/lib.rs:40:41
[INFO] [stdout]    |
[INFO] [stdout] 40 | pub fn some_name(input: TokenStream) -> TokenStream {
[INFO] [stdout]    |                                         ^^^^^^^^^^^ not found in this scope
[INFO] [stdout] 
[INFO] [stdout] 
[INFO] [stdout] warning: unused import: `proc_macro`
[INFO] [stdout]   --> src/lib.rs:37:5
[INFO] [stdout]    |
[INFO] [stdout] 37 | use proc_macro;
[INFO] [stdout]    |     ^^^^^^^^^^
[INFO] [stdout]    |
[INFO] [stdout]    = note: `#[warn(unused_imports)]` on by default
[INFO] [stdout] 
[INFO] [stdout] 
[INFO] [stdout] error: aborting due to 3 previous errors; 1 warning emitted
[INFO] [stdout] 
[INFO] [stdout] 
[INFO] [stdout] For more information about this error, try `rustc --explain E0412`.
[INFO] [stdout] 
[INFO] [stdout] error: cannot find attribute `some_attribute` in this scope
[INFO] [stdout]   --> src/lib.rs:39:3
[INFO] [stdout]    |
[INFO] [stdout] 39 | #[some_attribute]
[INFO] [stdout]    |   ^^^^^^^^^^^^^^
[INFO] [stdout] 
[INFO] [stdout] 
[INFO] [stdout] error[E0412]: cannot find type `TokenStream` in this scope
[INFO] [stdout]   --> src/lib.rs:40:25
[INFO] [stdout]    |
[INFO] [stdout] 40 | pub fn some_name(input: TokenStream) -> TokenStream {
[INFO] [stdout]    |                         ^^^^^^^^^^^ not found in this scope
[INFO] [stdout] 
[INFO] [stdout] 
[INFO] [stdout] error[E0412]: cannot find type `TokenStream` in this scope
[INFO] [stdout]   --> src/lib.rs:40:41
[INFO] [stdout]    |
[INFO] [stdout] 40 | pub fn some_name(input: TokenStream) -> TokenStream {
[INFO] [stdout]    |                                         ^^^^^^^^^^^ not found in this scope
[INFO] [stdout] 
[INFO] [stdout] 
[INFO] [stderr] error: could not compile `advanced` (lib) due to 4 previous errors; 1 warning emitted
[INFO] [stderr] warning: build failed, waiting for other jobs to finish...
[INFO] [stdout] warning: unused import: `proc_macro`
[INFO] [stdout]   --> src/lib.rs:37:5
[INFO] [stdout]    |
[INFO] [stdout] 37 | use proc_macro;
[INFO] [stdout]    |     ^^^^^^^^^^
[INFO] [stdout]    |
[INFO] [stdout]    = note: `#[warn(unused_imports)]` on by default
[INFO] [stdout] 
[INFO] [stdout] 
[INFO] [stdout] error: aborting due to 3 previous errors; 1 warning emitted
[INFO] [stdout] 
[INFO] [stdout] 
[INFO] [stdout] For more information about this error, try `rustc --explain E0412`.
[INFO] [stdout] 
[INFO] [stderr] error: could not compile `advanced` (lib test) due to 4 previous errors; 1 warning emitted
[INFO] running `Command { std: "docker" "inspect" "5cfa4fb24a4495fa8bd398a6d35e97a21df42f5b2f86545784c39b83f557765f", kill_on_drop: false }`
[INFO] running `Command { std: "docker" "rm" "-f" "5cfa4fb24a4495fa8bd398a6d35e97a21df42f5b2f86545784c39b83f557765f", kill_on_drop: false }`
[INFO] [stdout] 5cfa4fb24a4495fa8bd398a6d35e97a21df42f5b2f86545784c39b83f557765f
